6)*16352/70?
8
Let a(q) = 74*q**3 + q**2 - q + 6. What is the thousands digit of a(3)?
2
Suppose 5*j = 2*t + 1581, -3*t = 2*j + 2*t - 644. Suppose -319*r + 536 = -j*r. What is the hundreds digit of r?
2
Let w be 1/4 + (-42)/(-56). What is the units digit of (8/(-12))/2*-69*w?
3
Let o be 2571/15 - (-12)/20. Let h be (-4)/14 + o/14. Let s = h - -13. What is the tens digit of s?
2
Suppose 0 = -5*g - 10, 2*g = -6*t + 2*t - 604. Let f = t - -350. What is the hundreds digit of f?
2
Let n(o) = o - 1. Let t(h) = h**2 + 11*h - 12. Let i(q) = 5*n(q) - t(q). Let v(f) = f - 17. Let r be v(12). What is the tens digit of i(r)?
1
Let k(f) = -8*f**3 - f**2 - 10*f - 8. What is the tens digit of k(-4)?
2
Suppose 2*s + 5*x - 33 = 0, 25 = -3*x + 8*x. Suppose -s*z - 1 = 3. What is the tens digit of (5/10)/(z/(-42))?
2
Suppose 784 = -8*b + 13*b - f, b = 3*f + 154. What is the hundreds digit of b?
1
Let q = -255 + 463. Suppose -q = -2*m + 3*g + g, 0 = -4*m + g + 451. What is the units digit of m?
4
Suppose -5*y = -2*y + 873. Let f = y + 409. Suppose c - f = -c. What is the units digit of c?
9
Suppose 2*w + 2*o = 506, -w = -5*o - 9 - 238. What is the units digit of w?
2
Let n(l) = 5*l**3 - l**2 + 8*l - 5. What is the tens digit of n(4)?
3
Let t = -21 + 37. Suppose 6*l - t - 56 = 0. What is the tens digit of l?
1
Suppose 0 = -4*l - 5*x + 16854, 67*x - 68*x - 8420 = -2*l. What is the hundreds digit of l?
2
Let c = 21 + -13. Let v = c - -13. What is the tens digit of v?
2
Suppose 4*o - d - 4 = 4, 3*o + 5*d = -17. Let f be -4 + o/(2/86). Suppose 0*m - t - f = -m, -2*t = 2*m - 58. What is the units digit of m?
4
Let r = -5 - -5. Suppose r = -0*m - 3*m + 192. What is the units digit of m?
4
Let r be (0 + -8)*((-445)/(-20) - 7). Suppose -l + 5*w + 27 = 0, 4*l + 14 + 3 = -5*w. What is the units digit of r/(-3) - l/3?
0
Let v(z) = 6*z - 26. Let w(o) = 3*o - 13. Let h(l) = 3*v(l) - 5*w(l). What is the tens digit of h(21)?
5
Suppose -20*v + 24*v - 4 = 0. Let n(k) = 49*k + 1. What is the tens digit of n(v)?
5
Let g = 224 + -64. What is the hundreds digit of g?
1
Let s = 13 - -2. Let p = s + 15. What is the tens digit of p?
3
Let k be ((-8)/6 - 1)*-18. Let j = 3 + k. What is the tens digit of j?
4
Let f(i) = 2*i**2 - 10*i - 8. Let p be f(6). Suppose -p*s + 220 - 36 = -2*g, 2*g = 8. What is the units digit of s?
8
Suppose -5*m - o + 2*o = -42, -4*o + 32 = 5*m. Let y be m/(-3)*3/(-2). Suppose -p + 0*p = 5*h - 96, y*h = -p + 76. What is the units digit of h?
0
Let z(w) = w**2 + 20*w + 48. Let h be z(-19). Let s = 17 - 26. Let q = s + h. What is the units digit of q?
0
Let q(m) = 295*m**2 + 32*m - 61. What is the hundreds digit of q(2)?
1
Let r(h) = -h**3 + 9*h**2 - 8*h - 13. Let b(j) = j + 1. Let s(i) = 4*b(i) + r(i). Suppose 3*v = -3*q + 30, -6 - 8 = -q - 3*v. What is the units digit of s(q)?
3
Suppose -4*w = 4*t + 20, w + 17 = -t - 2*t. Suppose -5*h + 13 = -17. What is the units digit of (-4)/t - (-20)/h?
4
Let s = 631 + -434. Suppose -4*n + s = 3*d, 3*d + 5*n - 19 = 177. What is the tens digit of d?
6
Let u(f) = 9*f**2 + 40*f + 17. What is the units digit of u(-11)?
6
Suppose 8 = -4*a, 2*s + 0*a = -a + 34. Suppose -s*z = -21*z + 6. What is the units digit of z?
2
Let l(c) = -3*c - 7. Let d be l(-5). Let x(s) = s**2 - 16*s - 2. Let g be x(d). What is the units digit of (-318)/g - 2/(-11)?
5
What is the tens digit of ((-8)/(-12))/(6*8/15048)?
0
Let m(v) = 3*v**2 - v + 1. Let o be m(1). Suppose o*p + 20 = -4*a, a = -3*p - 24 + 1. What is the tens digit of 0 + p/4 + 17?
1
Let u(m) = m**2 - 8*m - 2. Let h be u(6). Let o be 16/(-20)*(-1)/((-4)/(-70)). What is the units digit of 49 + 1 + o/h?
9
Suppose -k + 5*v = k + 9, -v - 3 = 2*k. Let b be 2/((6/(-3))/k). Suppose -3*g + 29 = -b*r, -4*r = -0*g + 3*g - 41. What is the units digit of g?
1
Suppose 4*z = 5*s - 3*s - 6, 3 = -5*z + s. Suppose z = 2*j + x - 17, j = -0*j + 3*x + 19. Suppose 13 + j = t - v, -10 = -5*v. What is the tens digit of t?
2
Let j = 644 + -334. What is the tens digit of j?
1
Let g = -60 + 62. Suppose 3*f + 0*q - g*q = 742, 0 = q - 1. What is the units digit of f?
8
Let z = -174 - -801. Suppose 0 = -5*i + 4*r + 1045, -5*i - z = -8*i + 5*r. What is the tens digit of i?
0
Suppose -5*o - n = 9189, -6675 = 5*o + 5*n + 2510. What is the units digit of 1/7*-2 + o/(-14)?
1
Let q = -2828 - -7483. What is the tens digit of q?
5
Let d = -150 + 162. What is the tens digit of (d/(-2))/(4/(-86))?
2
Suppose -354*j = -355*j + 3749. What is the thousands digit of j?
3
Let g(z) be the third derivative of z**4/8 - z**3 - 7*z**2. Let s be g(4). Suppose 2*q - s*q + 136 = 0. What is the units digit of q?
4
Suppose -w = -h - 2 + 10, 0 = 5*h + 5*w - 70. What is the units digit of (h/(-2))/((-14)/28)?
1
Suppose 0 = 4*f + 2*u - 560, 2*f - 358 + 78 = u. Let b = -92 + f. What is the units digit of b?
8
Suppose 5*h - t - 3447 + 690 = 0, 0 = 3*h - 5*t - 1663. What is the hundreds digit of h?
5
Let l be -6 + 6 + (4 - 0). Suppose -3*z + l*z = 77. Suppose 3*d = 55 + z. What is the units digit of d?
4
Let z = -9 + -2. Let j(w) = -3*w**3 + 11*w**2 + 3*w + 2. Let n(x) = 8*x**3 - 32*x**2 - 10*x - 5. Let i(v) = z*j(v) - 4*n(v). What is the units digit of i(-5)?
3
Suppose 4*t + 3034 = 2*l, l - t - 1517 = -2*t. What is the thousands digit of l?
1
Suppose -13 = 2*b - 151. Let n = -41 + b. What is the tens digit of n?
2
Let h(x) = -x**3 - 15*x**2 + 17*x + 2. Let n be h(-16). Let a(v) = -v**3 - 12*v**2 + 22*v - 20. What is the units digit of a(n)?
4
Let y = -168 + 1084. What is the units digit of y?
6
Let a(v) = -v**3 - 9*v**2 - 10*v - 11. Suppose 5*r + l + 0*l = -49, 2*r = -5*l - 15. What is the tens digit of a(r)?
8
Let n(b) = -b**2 - 8*b - 6. Let q be n(-6). Suppose 4*w = j + 3*j - 296, q = 3*w. What is the tens digit of j?
7
Let a = 10 + 2. Let p = a + -6. Suppose -n + 3*n = p. What is the units digit of n?
3
Let t = -2 - -48. Suppose l = 112 - t. What is the units digit of l?
6
Let y(i) = i**2 + 5*i - 4. Let w be y(3). Suppose -7*q + 22 + w = 0. Suppose -q*d + 67 = -5. What is the units digit of d?
2
Let d be 2/18*-3*-12. Suppose -t - 5*q - 2 = -2*q, -5*t + d*q + 28 = 0. Suppose 0 = b + t*b - 185. What is the units digit of b?
7
Let m = 4765 - 2535. What is the thousands digit of m?
2
Let u be (-10)/(-3 - -2) - 1. Let s(k) = -k**3 + 12*k**2 - 9*k - 8. What is the tens digit of s(u)?
5
Let s(b) = -19 - 11*b - 20*b + 63*b. Let f be s(5). Let t = f - 76. What is the tens digit of t?
6
Suppose 9*f - 3*f = 6. What is the tens digit of 142 + (-3)/f + 3?
4
Let b be (2/(-2) - -1)/(-2). Suppose -6*v + v + 10 = b. Suppose -5*s = -v*w - 58, -4*w = -10*s + 5*s + 56. What is the tens digit of s?
1
Suppose 0 = -s + w + 369, -3*s = -8*s + 2*w + 1833. What is the units digit of s?
5
Suppose 3*g + 7 = 46. Let c = g + -8. Suppose 44 = -m + c*m. What is the units digit of m?
1
Let a(h) = 3*h**3 - 9*h**2 - h - 3. What is the tens digit of a(4)?
4
What is the units digit of ((-14963)/39)/(5/(-15))?
1
Suppose 6*d - 12 = 5*d. Let m = d - -44. What is the tens digit of m?
5
Let z = 2502 - 756. What is the tens digit of z?
4
What is the units digit of 1*7 + (-144636)/(-68)?
4
Suppose 0 = w - 4*w + 15. Suppose -5*g - 4*l = -0*g - 265, 172 = 3*g + w*l. What is the units digit of g?
9
Let x = 15 + -17. Let r be -3 + 2 + (-8)/x. Suppose 0*b = -r*b + 12. What is the units digit of b?
4
Suppose -6*f + 411 = -3*f. Suppose 13 = -4*a + f. What is the units digit of a?
1
Suppose 57*s - 54*s - 8376 = 0. What is the tens digit of s?
9
Suppose -4*f + 395 = 5*w - 2*f, -339 = -4*w + 3*f. Let o = w + -69. What is the tens digit of o?
1
Let h = -176 - -608. Suppose -b + 5*b = h. Suppose -n - b = -4*n. What is the tens digit of n?
3
Let i be (0 - 12/(-15))*5. Suppose -176 = -i*v - 0*v. Suppose 5*x = -j - 4, -3*j + v = 2*x - x. What is the units digit of j?
6
Suppose 3*a = -11*a + 20356. What is the hundreds digit of a?
4
Let t = 6 - 0. What is the tens digit of 2/6 + 574/t?
9
Let l(y) = 166*y**2 + 16*y + 31. What is the units digit of l(-3)?
7
Let d be 4 - (3 + 0 + -1). Suppose -p + 720 = d*p. Suppose p = 2*n + 90. What is the units digit of n?
5
Suppose -4*l - 12 = q, -4*l = -5*q - 0*l + 36. Suppose -q*b + 89 = u - 36, 3*b = -3*u + 105. What is the units digit of b?
0
Let v be (-5)/10 + 33/6.